{"id":203,"date":"2019-09-16T12:30:21","date_gmt":"2019-09-16T12:30:21","guid":{"rendered":"http:\/\/derbildkomponist.de\/?page_id=203"},"modified":"2026-02-18T17:41:25","modified_gmt":"2026-02-18T17:41:25","slug":"meine-ausstattung","status":"publish","type":"page","link":"https:\/\/derbildkomponist.de\/?page_id=203","title":{"rendered":"meine Ausstattung"},"content":{"rendered":"\n<p class=\"has-black-color has-cyan-bluish-gray-background-color has-text-color has-background\"><strong>Alles N\u00f6tige und Unn\u00f6tige, was das Fotografenherz h\u00f6her schl\u00e4gen l\u00e4sst und was in die Kameratasche passt. Dabei war mal eine (aussterbende) Spiegelreflexkamera, eine kompakte Sytemkamera und viele dazu n\u00f6tige Objektive<\/strong>. <strong>Deshalb habe ich auch noch eine kleine &#8222;Immerdabeikamera&#8220;, die aber nahezu alles kann, sogar filmen, was ich allerdings nicht mache. Wer nun noch mehr wissen m\u00f6chte, der kann ja weiterlesen.<\/strong><\/p>\n\n\n\n<p>Seit meinem \u201eWiedereinstieg\u201c in die Fotografie nutze ich ausschlie\u00dflich nur noch das digitale Medium zum Fotografieren und \u201eEntwickeln\u201c, denn die notwendige Bildbearbeitung am PC schlie\u00dft in wunderbarer Weise an das analoge Zeitalter in der Dunkelkammer an. Ich kann wieder in die Gestaltung eines Bildes eingreifen, kann Ausschnitte genau bestimmen und z.B. Kontrast oder Farbgebung meinen W\u00fcnschen anpassen, wobei dies nicht in den Bereich der Verfremdung gehen soll, sondern mehr der Qualit\u00e4tsverbesserung eines Bildes dient. Dabei ist meine Hauptkamera (Stand 2018) noch eine <a href=\"http:\/\/bilder.derbildkomponist.de\/2016\/Canon%206D\/index.html\">Canon 6D<\/a>, eine Vollformatspiegelreflexkamera mit etlichen Objektiven, vom 90mm Makro (eines meiner Lieblingsobjektive) \u00fcber Standartzoom von 24-70mm, \u00fcber ein Telezoom von 70-200mm bis hin zum 150-600mm Superzoom. Das Ganze ist dann allerdings eine schwergewichtige Angelegenheit. Dar\u00fcber hinaus liebe ich inzwischen meine Immerdabeikamera, die <a href=\"http:\/\/bilder.derbildkomponist.de\/2015\/Ersten25\/index.html\">Sony RX 100M3<\/a>. Sie passt in die Hosentasche und hat bei allen Regen- und Schneewanderungen <a href=\"http:\/\/bilder.derbildkomponist.de\/2019\/Harz_2019\/index.html\">im Harz<\/a> wunderbare Dienste geleistet. Um aber m\u00f6glichst leicht mit Wechselobjektiven unterwegs zu sein ist inzwischen die Panasonic <a href=\"http:\/\/bilder.derbildkomponist.de\/2019\/LUMIXGX9\/index.html\">Lumix GX9 <\/a>dazugekommen. Diese nutze ich ebenfalls mit verschiedenen Objektiven, die den Zoombereich von 14-400mm und den Makrobreich abdecken, genau wie bei der Vollformatkamera. Allerdings bin ich nur mit der H\u00e4lfte des Gewichtes unterwegs und das macht sich nat\u00fcrlich auf der Schulter deutlich bemerkbar. Eine spiegellose Systemkamera, die Lumix G9 erweiterte 2020 mein System. Auch Vollformat in Form der Lumix S5II kam 2003 wieder dazu, mit ausschlie\u00dflich Festbrennweiten. Sehen wird man den Unterschied der verschiedenen Systeme nicht, das soll man auch nicht. Mir erscheint die Ausstattung auch garnicht so wichtig, denn: ein Motiv muss man erst einmal entdecken, richtig sehen und zu einem gelungenen Motiv entwickeln, die Kamera ist nur ein Hilfsmittel, dieses dann angemessen festzuhalten. Ganz neu im Hause ist die Leica D-Lux 8. Die erste Kamera, die ich mir einfach nur so kaufte, weil sie mir gef\u00e4llt. Das ist etwas untertrieben. Sie ersetzt die Sony und ist inzwischen meine Lieblingskamera, weil ich sie immer dabei haben kann. <\/p>\n\n\n\n<p>Update:<\/p>\n\n\n\n<p>Inzwischen habe ich mir eine Leica Q3 geleistet. Genaueres zum Weg dahin im entsprechenden Blogbeitrag. <\/p>\n\n\n\n<p>Weitere &#8222;Hilfsmittel&#8220; sind Stative, Blitze, Schirme, Hintergr\u00fcnde mit dem dazugeh\u00f6rigen Kleinkram. einfach ausgedr\u00fcckt ein mobiles Studio, mit dem ich Portraits und kleine Gruppenaufnahmen gezielt beleuchten kann. Ganz wichtig noch sind die Fototaschen, von denen ich einige f\u00fcr die verschiedenen Gelegenheiten habe, jenachdem welche Kamera ich gerade gebrauche und wie ich gerade unterwegs bin.<\/p>\n\n\n\n<figure class=\"wp-block-image size-large\"><a href=\"https:\/\/derbildkomponist.de\/wp-content\/uploads\/2021\/05\/001-db_20210504_006.jpg\"><img loading=\"lazy\" decoding=\"async\" width=\"1024\" height=\"683\" src=\"https:\/\/derbildkomponist.de\/wp-content\/uploads\/2021\/05\/001-db_20210504_006-1024x683.jpg\" alt=\"\" class=\"wp-image-2672\" srcset=\"https:\/\/derbildkomponist.de\/wp-content\/uploads\/2021\/05\/001-db_20210504_006-1024x683.jpg 1024w, https:\/\/derbildkomponist.de\/wp-content\/uploads\/2021\/05\/001-db_20210504_006-300x200.jpg 300w, https:\/\/derbildkomponist.de\/wp-content\/uploads\/2021\/05\/001-db_20210504_006-768x512.jpg 768w, https:\/\/derbildkomponist.de\/wp-content\/uploads\/2021\/05\/001-db_20210504_006-1536x1024.jpg 1536w, https:\/\/derbildkomponist.de\/wp-content\/uploads\/2021\/05\/001-db_20210504_006.jpg 2048w\" sizes=\"(max-width: 1024px) 100vw, 1024px\" \/><\/a><figcaption class=\"wp-element-caption\">Damit schie\u00dfe ich meine Fotos, die Lumix G9,GX9 und das n\u00f6tige &#8222;Besteck&#8220; dazu.<\/figcaption><\/figure>\n\n\n\n<p><\/p>\n","protected":false},"excerpt":{"rendered":"<p> &hellip;<\/p>\n","protected":false},"author":1,"featured_media":2672,"parent":0,"menu_order":0,"comment_status":"open","ping_status":"closed","template":"","meta":{"ngg_post_thumbnail":0,"jetpack_post_was_ever_published":false,"footnotes":""},"jetpack_sharing_enabled":true,"_links":{"self":[{"href":"https:\/\/derbildkomponist.de\/index.php?rest_route=\/wp\/v2\/pages\/203"}],"collection":[{"href":"https:\/\/derbildkomponist.de\/index.php?rest_route=\/wp\/v2\/pages"}],"about":[{"href":"https:\/\/derbildkomponist.de\/index.php?rest_route=\/wp\/v2\/types\/page"}],"author":[{"embeddable":true,"href":"https:\/\/derbildkomponist.de\/index.php?rest_route=\/wp\/v2\/users\/1"}],"replies":[{"embeddable":true,"href":"https:\/\/derbildkomponist.de\/index.php?rest_route=%2Fwp%2Fv2%2Fcomments&post=203"}],"version-history":[{"count":16,"href":"https:\/\/derbildkomponist.de\/index.php?rest_route=\/wp\/v2\/pages\/203\/revisions"}],"predecessor-version":[{"id":11589,"href":"https:\/\/derbildkomponist.de\/index.php?rest_route=\/wp\/v2\/pages\/203\/revisions\/11589"}],"wp:featuredmedia":[{"embeddable":true,"href":"https:\/\/derbildkomponist.de\/index.php?rest_route=\/wp\/v2\/media\/2672"}],"wp:attachment":[{"href":"https:\/\/derbildkomponist.de\/index.php?rest_route=%2Fwp%2Fv2%2Fmedia&parent=203"}],"curies":[{"name":"wp","href":"https:\/\/api.w.org\/{rel}","templated":true}]}}

<p class="has-black-color has-cyan-bluish-gray-background-color has-text-color has-background"><strong>Alles Nötige und Unnötige, was das Fotografenherz höher schlägen lässt und was in die Kameratasche passt. Dabei war mal eine (aussterbende) Spiegelreflexkamera, eine kompakte Sytemkamera und viele dazu nötige Objektive</strong>. <strong>Deshalb habe ich auch noch eine kleine &#8222;Immerdabeikamera&#8220;, die aber nahezu alles kann, sogar filmen, was ich allerdings nicht mache. Wer nun noch mehr wissen möchte, der kann ja weiterlesen.</strong></p>



<p>Seit meinem „Wiedereinstieg“ in die Fotografie nutze ich ausschließlich nur noch das digitale Medium zum Fotografieren und „Entwickeln“, denn die notwendige Bildbearbeitung am PC schließt in wunderbarer Weise an das analoge Zeitalter in der Dunkelkammer an. Ich kann wieder in die Gestaltung eines Bildes eingreifen, kann Ausschnitte genau bestimmen und z.B. Kontrast oder Farbgebung meinen Wünschen anpassen, wobei dies nicht in den Bereich der Verfremdung gehen soll, sondern mehr der Qualitätsverbesserung eines Bildes dient. Dabei ist meine Hauptkamera (Stand 2018) noch eine <a href="http://bilder.derbildkomponist.de/2016/Canon%206D/index.html">Canon 6D</a>, eine Vollformatspiegelreflexkamera mit etlichen Objektiven, vom 90mm Makro (eines meiner Lieblingsobjektive) über Standartzoom von 24-70mm, über ein Telezoom von 70-200mm bis hin zum 150-600mm Superzoom. Das Ganze ist dann allerdings eine schwergewichtige Angelegenheit. Darüber hinaus liebe ich inzwischen meine Immerdabeikamera, die <a href="http://bilder.derbildkomponist.de/2015/Ersten25/index.html">Sony RX 100M3</a>. Sie passt in die Hosentasche und hat bei allen Regen- und Schneewanderungen <a href="http://bilder.derbildkomponist.de/2019/Harz_2019/index.html">im Harz</a> wunderbare Dienste geleistet. Um aber möglichst leicht mit Wechselobjektiven unterwegs zu sein ist inzwischen die Panasonic <a href="http://bilder.derbildkomponist.de/2019/LUMIXGX9/index.html">Lumix GX9 </a>dazugekommen. Diese nutze ich ebenfalls mit verschiedenen Objektiven, die den Zoombereich von 14-400mm und den Makrobreich abdecken, genau wie bei der Vollformatkamera. Allerdings bin ich nur mit der Hälfte des Gewichtes unterwegs und das macht sich natürlich auf der Schulter deutlich bemerkbar. Eine spiegellose Systemkamera, die Lumix G9 erweiterte 2020 mein System. Auch Vollformat in Form der Lumix S5II kam 2003 wieder dazu, mit ausschließlich Festbrennweiten. Sehen wird man den Unterschied der verschiedenen Systeme nicht, das soll man auch nicht. Mir erscheint die Ausstattung auch garnicht so wichtig, denn: ein Motiv muss man erst einmal entdecken, richtig sehen und zu einem gelungenen Motiv entwickeln, die Kamera ist nur ein Hilfsmittel, dieses dann angemessen festzuhalten. Ganz neu im Hause ist die Leica D-Lux 8. Die erste Kamera, die ich mir einfach nur so kaufte, weil sie mir gefällt. Das ist etwas untertrieben. Sie ersetzt die Sony und ist inzwischen meine Lieblingskamera, weil ich sie immer dabei haben kann. </p>



<p>Update:</p>



<p>Inzwischen habe ich mir eine Leica Q3 geleistet. Genaueres zum Weg dahin im entsprechenden Blogbeitrag. </p>



<p>Weitere &#8222;Hilfsmittel&#8220; sind Stative, Blitze, Schirme, Hintergründe mit dem dazugehörigen Kleinkram. einfach ausgedrückt ein mobiles Studio, mit dem ich Portraits und kleine Gruppenaufnahmen gezielt beleuchten kann. Ganz wichtig noch sind die Fototaschen, von denen ich einige für die verschiedenen Gelegenheiten habe, jenachdem welche Kamera ich gerade gebrauche und wie ich gerade unterwegs bin.</p>



<figure class="wp-block-image size-large"><a href="https://derbildkomponist.de/wp-content/uploads/2021/05/001-db_20210504_006.jpg"><img loading="lazy" decoding="async" width="1024" height="683" src="https://derbildkomponist.de/wp-content/uploads/2021/05/001-db_20210504_006-1024x683.jpg" alt="" class="wp-image-2672" srcset="https://derbildkomponist.de/wp-content/uploads/2021/05/001-db_20210504_006-1024x683.jpg 1024w, https://derbildkomponist.de/wp-content/uploads/2021/05/001-db_20210504_006-300x200.jpg 300w, https://derbildkomponist.de/wp-content/uploads/2021/05/001-db_20210504_006-768x512.jpg 768w, https://derbildkomponist.de/wp-content/uploads/2021/05/001-db_20210504_006-1536x1024.jpg 1536w, https://derbildkomponist.de/wp-content/uploads/2021/05/001-db_20210504_006.jpg 2048w" sizes="(max-width: 1024px) 100vw, 1024px" /></a><figcaption class="wp-element-caption">Damit schieße ich meine Fotos, die Lumix G9,GX9 und das nötige &#8222;Besteck&#8220; dazu.</figcaption></figure>



<p></p>
