{"id":323,"date":"2019-09-17T11:31:02","date_gmt":"2019-09-17T11:31:02","guid":{"rendered":"http:\/\/derbildkomponist.de\/?page_id=323"},"modified":"2022-07-31T05:07:27","modified_gmt":"2022-07-31T05:07:27","slug":"kalender","status":"publish","type":"page","link":"https:\/\/derbildkomponist.de\/?page_id=323","title":{"rendered":"Kalenderprojekt"},"content":{"rendered":"\n<p class=\"has-black-color has-cyan-bluish-gray-background-color has-text-color has-background\">Ein kleines Update:                                                                                                                                                Stand August 2022 wird es doch keinen Dauerkalender mit fortgef\u00fchrter Thematik meiner &#8222;Variationen mit Musik&#8220; geben. Ein privater Schicksalsschlag macht es mir gerade unm\u00f6glich, das noch unfertige Projekt zeitnah zuende zu f\u00fchren. Ich hoffe, es gibt irgendwann wieder Mu\u00dfe und Zeit daf\u00fcr, ich w\u00fcrde gerne daran weiterarbeiten, es hat Spass gemacht und war mit der Idee das bei einem Dauerkalender schlichte Zahlenreihe der Tage im Kalendarium mit Geburtstagen bekannter MusikerInnen zu erg\u00e4nzen eine Perspektive f\u00fcr eine Fortf\u00fchrung meines Herzensprojektes.<\/p>\n\n\n\n<p>Nun eine Chronologie der Ereignisse zum Kalender:<\/p>\n\n\n\n<p class=\"has-black-color has-cyan-bluish-gray-background-color has-text-color has-background\">Nach sechs Ausgaben ist nun (erst einmal) mein Kalendeprojekt auf Eis gelegt. Zur Geschichte: Meine zahlreichen Orchesterfotos und die \u00dcberlegung, was ich damit anstellen k\u00f6nnte, f\u00fchrten zur Idee mit dem Kalender unter dem Thema &#8222;Variationen mit Musik&#8220;. Gedacht, geplant und realisiert und Verkaufsm\u00f6glichkeit an der Theaterkasse, motivierten mich, &#8230;zuerst. Leider war die Werbung und die Hilfe dazu &#8222;bescheiden&#8220;, soda\u00df ich das Projekt in den n\u00e4chsten zwei Jahren wieder &#8222;privatisierte&#8220; und die Kalender nur auf Bestellung verkaufte, mit einer Auflage von ca. 150 St\u00fcck. Ich lie\u00df aber gedanklich nicht locker und kam auf die Idee mit der Spendenaktion f\u00fcr LMN. Man zweifelte an meiner Auflagenst\u00e4rke von 250 St\u00fcck, aber schon 8 Wochen nach Verkaufsbeginn waren anfang Dezember diese verkauft und ich hatte 3200 \u20ac Spenden zusammen. Im Jahr darauf waren mit der Auflage von 500 Exemplaren  4100 \u20ac Spenden zusammen gekommen  und eben letztes Jahr dann  &#8222;nur&#8220; noch 2000 \u20ac. Einen richtigen Grund f\u00fcr diesen R\u00fcckgang hab ich nicht. Allerdings war es wieder sehr schwer mit der Werbung und: ich hatte wesentlich weniger Zeit auf Veranstaltungen zu stehen und zu verkaufen. Damit zeigt sich auch ein gro\u00dfes Problem und der Grund f\u00fcr mein derzeitigen &#8222;R\u00fcckzug&#8220;.  Es ist ein wahnsinnig gro\u00dfer zeitlicher Aufwand, den Verkauf quasi alleine zu bew\u00e4ltigen und ich stie\u00df immer wieder auf gewissen &#8222;Widerstand&#8220;, sodass ich das Projekt erst einmal stoppe, um auch \u00fcber eine sinnvolle und f\u00fcr mich praktikable Vermarktung nachzudenken. Vielleicht gibt es ja jemanden, der eine gute Idee f\u00fcr mich hat denn: eigentlich hat es mir sehr viel Spass gemacht, den Kalender zu planen und zu realisieren, aber der Verkauf m\u00fcsste anders laufen. Es ist halt auch sehr schwer f\u00fcr sich selbst Werbung zu machen&#8230; Mal schauen, was die Zukunft bringt. Die Vergangenheit ist nun noch zu sehen in Form von den alten Kalendern:<\/p>\n\n\n\n<p class=\"has-text-align-center\"><a href=\"http:\/\/bilder.derbildkomponist.de\/Kalender\/Kalender_2014.pdf\"><strong>Kalender 2014<\/strong><\/a><\/p>\n\n\n\n<p class=\"has-text-align-center\"><a href=\"http:\/\/bilder.derbildkomponist.de\/Kalender\/Kalender_2015.pdf\"><strong>Kalender 2015<\/strong><\/a><\/p>\n\n\n\n<p class=\"has-text-align-center\"><a href=\"http:\/\/bilder.derbildkomponist.de\/Kalender\/Kalender_2016.pdf\"><strong>Kalender 2016<\/strong><\/a><\/p>\n\n\n\n<p class=\"has-text-align-center\"><a href=\"http:\/\/bilder.derbildkomponist.de\/Kalender\/Kalender_2017.pdf\"><strong>Kalender 2017<\/strong><\/a><\/p>\n\n\n\n<p class=\"has-text-align-center\"><strong><a href=\"http:\/\/bilder.derbildkomponist.de\/Kalender\/Kalender_2018.pdf\">Kalender 2018<\/a><\/strong><\/p>\n\n\n\n<p class=\"has-text-align-center\"><a href=\"http:\/\/bilder.derbildkomponist.de\/Kalender\/Kalender_2019.pdf\"><strong>Kalender 2019<\/strong><\/a><\/p>\n","protected":false},"excerpt":{"rendered":"<p> &hellip;<\/p>\n","protected":false},"author":1,"featured_media":0,"parent":0,"menu_order":0,"comment_status":"closed","ping_status":"closed","template":"","meta":{"ngg_post_thumbnail":0,"jetpack_post_was_ever_published":false,"footnotes":""},"jetpack_sharing_enabled":true,"_links":{"self":[{"href":"https:\/\/derbildkomponist.de\/index.php?rest_route=\/wp\/v2\/pages\/323"}],"collection":[{"href":"https:\/\/derbildkomponist.de\/index.php?rest_route=\/wp\/v2\/pages"}],"about":[{"href":"https:\/\/derbildkomponist.de\/index.php?rest_route=\/wp\/v2\/types\/page"}],"author":[{"embeddable":true,"href":"https:\/\/derbildkomponist.de\/index.php?rest_route=\/wp\/v2\/users\/1"}],"replies":[{"embeddable":true,"href":"https:\/\/derbildkomponist.de\/index.php?rest_route=%2Fwp%2Fv2%2Fcomments&post=323"}],"version-history":[{"count":11,"href":"https:\/\/derbildkomponist.de\/index.php?rest_route=\/wp\/v2\/pages\/323\/revisions"}],"predecessor-version":[{"id":4717,"href":"https:\/\/derbildkomponist.de\/index.php?rest_route=\/wp\/v2\/pages\/323\/revisions\/4717"}],"wp:attachment":[{"href":"https:\/\/derbildkomponist.de\/index.php?rest_route=%2Fwp%2Fv2%2Fmedia&parent=323"}],"curies":[{"name":"wp","href":"https:\/\/api.w.org\/{rel}","templated":true}]}}