{"id":4428,"date":"2022-06-09T17:44:39","date_gmt":"2022-06-09T17:44:39","guid":{"rendered":"http:\/\/derbildkomponist.de\/?page_id=4428"},"modified":"2025-03-24T08:22:42","modified_gmt":"2025-03-24T08:22:42","slug":"aktuelles","status":"publish","type":"page","link":"https:\/\/derbildkomponist.de\/?page_id=4428","title":{"rendered":"Aktuelles"},"content":{"rendered":"\n<p><strong>Noch einmal Herzlich Willkommen!<\/strong><\/p>\n\n\n\n<p>Ich freue mich, dass du mich gefunden hast und dich vielleicht etwas hier aufhalten, unterhalten und informieren m\u00f6chtest? Es w\u00fcrde mich freuen, dir meine Fotografie n\u00e4her zu bringen. In meinem Blogbeitr\u00e4gen versuche ich regelm\u00e4\u00dfig mich mitzuteilen in Bild und Text und auf Reaktionen welcher Art auch immer, freue ich mich besonders.<\/p>\n\n\n\n<p>Ansonsten kann man viele Unterseiten oben rechts bei den drei Strichen finden und sich dort aufhalten.<\/p>\n\n\n\n<p>Viel Vergn\u00fcngen nun und hoffentlich bis bald!<\/p>\n\n\n\n<p>Euer Andreas <\/p>\n","protected":false},"excerpt":{"rendered":"<p> &hellip;<\/p>\n","protected":false},"author":1,"featured_media":3838,"parent":0,"menu_order":0,"comment_status":"closed","ping_status":"closed","template":"","meta":{"ngg_post_thumbnail":0,"jetpack_post_was_ever_published":false,"footnotes":""},"jetpack_sharing_enabled":true,"_links":{"self":[{"href":"https:\/\/derbildkomponist.de\/index.php?rest_route=\/wp\/v2\/pages\/4428"}],"collection":[{"href":"https:\/\/derbildkomponist.de\/index.php?rest_route=\/wp\/v2\/pages"}],"about":[{"href":"https:\/\/derbildkomponist.de\/index.php?rest_route=\/wp\/v2\/types\/page"}],"author":[{"embeddable":true,"href":"https:\/\/derbildkomponist.de\/index.php?rest_route=\/wp\/v2\/users\/1"}],"replies":[{"embeddable":true,"href":"https:\/\/derbildkomponist.de\/index.php?rest_route=%2Fwp%2Fv2%2Fcomments&post=4428"}],"version-history":[{"count":8,"href":"https:\/\/derbildkomponist.de\/index.php?rest_route=\/wp\/v2\/pages\/4428\/revisions"}],"predecessor-version":[{"id":9155,"href":"https:\/\/derbildkomponist.de\/index.php?rest_route=\/wp\/v2\/pages\/4428\/revisions\/9155"}],"wp:featuredmedia":[{"embeddable":true,"href":"https:\/\/derbildkomponist.de\/index.php?rest_route=\/wp\/v2\/media\/3838"}],"wp:attachment":[{"href":"https:\/\/derbildkomponist.de\/index.php?rest_route=%2Fwp%2Fv2%2Fmedia&parent=4428"}],"curies":[{"name":"wp","href":"https:\/\/api.w.org\/{rel}","templated":true}]}}