{"id":66,"date":"2019-09-15T20:37:33","date_gmt":"2019-09-15T20:37:33","guid":{"rendered":"http:\/\/derbildkomponist.de\/?page_id=66"},"modified":"2022-03-31T14:27:17","modified_gmt":"2022-03-31T14:27:17","slug":"referenzen","status":"publish","type":"page","link":"https:\/\/derbildkomponist.de\/?page_id=66","title":{"rendered":"meine T\u00e4tigkeiten"},"content":{"rendered":"\n<p class=\"has-black-color has-cyan-bluish-gray-background-color has-text-color has-background\"><strong>Drum bem\u00fchen tue ich mich nicht wirklich, aber ich werde doch immer wieder f\u00fcr verschiedenste Gelegenheiten gebucht, bzw. beauftragt. Das geschieht mal offiziell(z.B. Theater M\u00fcnster oder WESPE), mal halb privat(z.B. Hochzeiten oder K\u00fcnstlerportraits) oder ich bin ganz privat(z.B. Urlaub) unterwegs und daraus ergeben sich dann Ver\u00f6ffentlichungen(z.B.  in Zeitschriften) und Bilderverk\u00e4ufe(z.B. als Leinwandbilder) und das immer mit dem Finanzamt &#8222;abgesprochen&#8220;. Wen es nun noch mehr interessiert, der darf gerne weiterlesen.<\/strong><\/p>\n\n\n\n<p>Hier sehen Sie einen Ausschnitt meiner fotografischen T\u00e4tigkeiten der vergangenen Zeit, z.T. mit Verlinkungen zur genaueren Information. Neben meinem Hauptinteresse im k\u00fcnstlerischen Bereich, nehme ich (fast) jede fotografische Herausforderung gerne in Angriff.  Wenn auch Sie mich f\u00fcr einen Anlass engagieren m\u00f6chten, dann setzen Sie sich gerne mit mir in Verbindung. Ich freue mich, mit meiner Kamera Ihre W\u00fcnsche zu erf\u00fcllen. Da ich ausschlie\u00dflich digital fotografiere, k\u00f6nnen sie quasi live das Ergebnis sehen und z.B. am Laptop selbst beurteilen. Entweder erhalten sie dann eine CD mit den gesamten Bildern oder ich belichte die Fotos nach ihren W\u00fcnschen in einem Fachlabor aus. Honorarvorstellungen je nach Auftragsumfang auf Anfrage, beginnend ab 40,-\u20ac.<\/p>\n\n\n\n<p> <strong>Aktivit\u00e4ten: <\/strong><em> <\/em><strong> <\/strong>  <\/p>\n\n\n\n<p><a rel=\"noreferrer noopener\" target=\"_blank\" href=\"http:\/\/www.sinfonieorchester-muenster.de\/\">Sinfonieorchester M\u00fcnster<\/a> \/ Erstkommunionen der Kirchengemeinde St. Nikolaus M\u00fcnster seit 2007  \/ Einschulung 2008  Annette v. Droste H\u00fclshoff Grundschule \/ Dokumentation alt &#8211; neu &#8222;Die alten und neuen Praxisr\u00e4ume&#8220; \/ Klangzeit-Festival 2007 \/  <a href=\"file:\/\/\/B:\/www.derbildkomponist.de\/2007\/Bratschistentag\/index.html\">Deutscher Bratschistentag<\/a>  \/  <a href=\"file:\/\/\/B:\/www.derbildkomponist.de\/2008\/Musikhochschule\/index.html\">Musikhochschule M\u00fcnster<\/a>  \/  <a href=\"https:\/\/www.jugend-musiziert.org\/wettbewerbe\/bundeswettbewerb\/wespe.html\">WESPE 2017\/18\/19 \/<\/a> Domsingschule M\u00fcnster  \/ <a href=\"http:\/\/www.salonorchester-reveriemusicale.de\/\"> Reverie musicales<\/a>  \/ <a href=\"file:\/\/\/B:\/www.derbildkomponist.de\/Kuenstlerportraits\/index.html\">K\u00fcnstlerp<\/a><a href=\"http:\/\/bilde.derbildkomponist.de\/Kuenstlerportraits\/index.html\">o<\/a><a href=\"file:\/\/\/B:\/www.derbildkomponist.de\/Kuenstlerportraits\/index.html\">rtraits<\/a>  <\/p>\n\n\n\n<p><strong>Ausstellungen:<\/strong><\/p>\n\n\n\n<p><a href=\"http:\/\/bilder.derbildkomponist.de\/Ausstellung\/index.htm\">23. Kunstschau  in der Apothekerkammer M\u00fcnster 2007<\/a> <\/p>\n\n\n\n<p>Austellung  &#8222;Beziehungen&#8220; Herrman-Bonnus-Haus\/Osnabr\u00fcck Juli-November 2010 <\/p>\n\n\n\n<p>28.Kunstforum im Klinikum Osnabr\u00fccker Land \/Dissen 1-4\/2013<\/p>\n\n\n\n<p>Theater M\u00fcnster &#8211;  Variationen mit Musik, Sept.-Dez.2013<\/p>\n\n\n\n<p>Heidekrug &#8211;  &#8222;Natur und Kultur, nicht nur pur&#8220;  Juni 2018-Apr.2019<\/p>\n\n\n\n<p>Handorfer Hof &#8211;  &#8222;Kleinigkeiten in Natur und Kultur&#8220;  April-Oktober 2019<\/p>\n\n\n\n<p><strong>Ver\u00f6ffentlichungen:<\/strong><\/p>\n\n\n\n<p>Spielzeitkalender 09\/10 des  Sinfonieorchesters M\u00fcnster <\/p>\n\n\n\n<p><a href=\"http:\/\/www.derbildkomponist.de\/2010\/Kalender_Mainz\/index.html\">Kalender 2011<\/a>  &#8211;  Philharmonisches  Orchester Mainz  <em> <\/em><\/p>\n\n\n\n<p>Jahreskalender&nbsp; &#8211; Variationen mit Musik 1-6 von 2014-2019 <\/p>\n\n\n\n<p><a href=\"http:\/\/bilder.derbildkomponist.de\/stattAnsichten_2012.pdf\">M\u00fcnster stattAnsichten &#8211; Bildband<\/a><\/p>\n\n\n\n<p><a href=\"http:\/\/bilder.derbildkomponist.de\/Beziehungen.pdf\">&#8222;Beziehungen&#8220; &#8211; Fotob\u00fcchlein<\/a><\/p>\n\n\n\n<p>Westf\u00e4lische Nachrichten \/ M\u00fcnstersche Zeitung \/  Orpheus   &#8211; Oper International \/ Apothekerrundschau \/<em>  <\/em>Die Viola &#8211;   Mitgliederzeitschrift \/<em> <\/em> Echo-M\u00fcnster \/ <em> <\/em>das Orchester \/ <em> <\/em>Kulturspiegel  07\/08\/09 \/ <em> <\/em><a rel=\"noreferrer noopener\" href=\"http:\/\/dolomiten-blog.net\/\" target=\"_blank\"> Dolomitenblog<\/a><em>.net  \/ <a href=\"http:\/\/www.baukunst-nrw.de\">www.baukunst-nrw.de<\/a>  \/ <a href=\"https:\/\/www.buhv.de\/\">Bergmoser  und H\u00f6ller Verlag AG<\/a><\/em><\/p>\n\n\n<p><!--EndFragment--><\/p>","protected":false},"excerpt":{"rendered":"<p> &hellip;<\/p>\n","protected":false},"author":1,"featured_media":3863,"parent":0,"menu_order":0,"comment_status":"closed","ping_status":"closed","template":"","meta":{"ngg_post_thumbnail":0,"jetpack_post_was_ever_published":false,"footnotes":""},"jetpack_sharing_enabled":true,"_links":{"self":[{"href":"https:\/\/derbildkomponist.de\/index.php?rest_route=\/wp\/v2\/pages\/66"}],"collection":[{"href":"https:\/\/derbildkomponist.de\/index.php?rest_route=\/wp\/v2\/pages"}],"about":[{"href":"https:\/\/derbildkomponist.de\/index.php?rest_route=\/wp\/v2\/types\/page"}],"author":[{"embeddable":true,"href":"https:\/\/derbildkomponist.de\/index.php?rest_route=\/wp\/v2\/users\/1"}],"replies":[{"embeddable":true,"href":"https:\/\/derbildkomponist.de\/index.php?rest_route=%2Fwp%2Fv2%2Fcomments&post=66"}],"version-history":[{"count":14,"href":"https:\/\/derbildkomponist.de\/index.php?rest_route=\/wp\/v2\/pages\/66\/revisions"}],"predecessor-version":[{"id":3851,"href":"https:\/\/derbildkomponist.de\/index.php?rest_route=\/wp\/v2\/pages\/66\/revisions\/3851"}],"wp:featuredmedia":[{"embeddable":true,"href":"https:\/\/derbildkomponist.de\/index.php?rest_route=\/wp\/v2\/media\/3863"}],"wp:attachment":[{"href":"https:\/\/derbildkomponist.de\/index.php?rest_route=%2Fwp%2Fv2%2Fmedia&parent=66"}],"curies":[{"name":"wp","href":"https:\/\/api.w.org\/{rel}","templated":true}]}}