{"id":67,"date":"2019-09-15T20:37:33","date_gmt":"2019-09-15T20:37:33","guid":{"rendered":"http:\/\/derbildkomponist.de\/?page_id=67"},"modified":"2022-03-31T14:28:53","modified_gmt":"2022-03-31T14:28:53","slug":"bilder","status":"publish","type":"page","link":"https:\/\/derbildkomponist.de\/?page_id=67","title":{"rendered":"meine Bilder"},"content":{"rendered":"\n<p class=\"has-black-color has-cyan-bluish-gray-background-color has-text-color has-background\"><strong>Einfach die verschiedenen Galerien von der Natur bis zur Kultur anklicken und (eventuell) geniessen. Ich hoffe, die Bilder sprechen f\u00fcr sich. Wenn nicht, dann hilft vielleicht der folgende ausf\u00fchrlichere Text \u00fcber meine Beweggr\u00fcnde bei und mit der Fotografie<\/strong>.<\/p>\n\n\n\n<p><strong>&#8222;Von der Kultur bis zur Natur&#8220;<\/strong>, meine Interessensgebiete auch in der Fotografie, sind nach inzwischen \u00fcber 17 Jahre Digitalfotografie noch immer nicht ausgesch\u00f6pft. Karl Valentins Spruch &#8222;Es ist schon alles fotografiert, aber noch nicht von jedem.&#8220; nehme ich mir nat\u00fcrlich zu Herzen und mir wird dabei (bis jetzt) nie langweilig. Ich kann bei meinen Touren mit der Kamera wunderbar entspannen, selbst nachher bei der Bildbearbeitung, die mir nur zur Perfektionierung der Fotos dient. Ich fotografiere im Raw-Format und da ist sowieso noch mehr zu tun. Wenn man dann so dar\u00fcber nachdenkt, was man da eigentlich beim Fotografieren macht &#8211; mit Licht malen und bei der Motivwahl auf die Bildkomposition achten, da lag damals bei der Suche nach einem griffigen Namen f\u00fcr meine Internetpr\u00e4senz &#8222;derbidkomponist&#8220; nahe und somit gefunden. Ich weiss, ich habe hier vieeeele Foto eingestellt, aber so ist das bei einer Sucht&#8230; sagen wir besser Leidenschaft, die ich mit ihnen gerne teilen m\u00f6chte. Wenn dabei jemand einem meiner Bilder auch einmal eine neue Heimat geben m\u00f6chte &#8211; ich helfe dabei gerne. Meine inzwischen 6 Ausstellungen waren dabei hilfre\u00edch, denn live wirken die Fotos noch einmal ganz anders, ich versichere es ihnen. <\/p>\n","protected":false},"excerpt":{"rendered":"<p> &hellip;<\/p>\n","protected":false},"author":1,"featured_media":3664,"parent":0,"menu_order":0,"comment_status":"closed","ping_status":"closed","template":"","meta":{"ngg_post_thumbnail":0,"jetpack_post_was_ever_published":false,"footnotes":""},"jetpack_sharing_enabled":true,"_links":{"self":[{"href":"https:\/\/derbildkomponist.de\/index.php?rest_route=\/wp\/v2\/pages\/67"}],"collection":[{"href":"https:\/\/derbildkomponist.de\/index.php?rest_route=\/wp\/v2\/pages"}],"about":[{"href":"https:\/\/derbildkomponist.de\/index.php?rest_route=\/wp\/v2\/types\/page"}],"author":[{"embeddable":true,"href":"https:\/\/derbildkomponist.de\/index.php?rest_route=\/wp\/v2\/users\/1"}],"replies":[{"embeddable":true,"href":"https:\/\/derbildkomponist.de\/index.php?rest_route=%2Fwp%2Fv2%2Fcomments&post=67"}],"version-history":[{"count":9,"href":"https:\/\/derbildkomponist.de\/index.php?rest_route=\/wp\/v2\/pages\/67\/revisions"}],"predecessor-version":[{"id":3850,"href":"https:\/\/derbildkomponist.de\/index.php?rest_route=\/wp\/v2\/pages\/67\/revisions\/3850"}],"wp:featuredmedia":[{"embeddable":true,"href":"https:\/\/derbildkomponist.de\/index.php?rest_route=\/wp\/v2\/media\/3664"}],"wp:attachment":[{"href":"https:\/\/derbildkomponist.de\/index.php?rest_route=%2Fwp%2Fv2%2Fmedia&parent=67"}],"curies":[{"name":"wp","href":"https:\/\/api.w.org\/{rel}","templated":true}]}}